{"id":85,"date":"2022-07-18T22:30:52","date_gmt":"2022-07-18T22:30:52","guid":{"rendered":"https:\/\/someja.org\/?page_id=85"},"modified":"2022-08-03T04:02:32","modified_gmt":"2022-08-03T04:02:32","slug":"historia","status":"publish","type":"page","link":"https:\/\/someja.org\/?page_id=85","title":{"rendered":"Historia"},"content":{"rendered":"\n<div class=\"wp-block-media-text alignwide is-stacked-on-mobile\"><figure class=\"wp-block-media-text__media\"><img loading=\"lazy\" decoding=\"async\" width=\"680\" height=\"710\" src=\"https:\/\/someja.org\/wp-content\/uploads\/2022\/07\/japon-mapa-fisico.jpg\" alt=\"\" class=\"wp-image-87 size-full\" srcset=\"https:\/\/someja.org\/wp-content\/uploads\/2022\/07\/japon-mapa-fisico.jpg 680w, https:\/\/someja.org\/wp-content\/uploads\/2022\/07\/japon-mapa-fisico-287x300.jpg 287w\" sizes=\"auto, (max-width: 680px) 100vw, 680px\" \/><\/figure><div class=\"wp-block-media-text__content\">\n<p>Jap\u00f3n es un pa\u00eds al este de Asia conformado por cuatro islas principales: Honsh\u016b, Hokkaid\u014d, Ky\u016bsh\u016b y Shikoku, que representan el 97% de su territorio, y por otras 6.848 islas menores ubicadas en los alrededores. <\/p>\n\n\n\n<p>En japon\u00e9s se pronuncia &#8220;Nihon&#8221; y se escribe \u65e5\u672c, que significa &#8220;El origen del sol&#8221;, motivo por el cual se le conoce como &#8220;La tierra del sol naciente&#8221;. <\/p>\n\n\n\n<p>Tiene aproximadamente 127 millones de habitantes, de los cuales casi 30 millones viven en su capital Tokyo y las prefecturas aleda\u00f1as. <\/p>\n\n\n\n<p>Los primeros habitantes de las islas de Jap\u00f3n datan del per\u00edodo Paleol\u00edtico superior. Las primeras menciones escritas se mencionan en libros de China del siglo I. Jap\u00f3n ha tenido influencia de los pa\u00edses orientales aleda\u00f1os, sobre todo de China, sin embargo, tambi\u00e9n ha tenido largos periodos de aislamiento. Desde la creaci\u00f3n de su constituci\u00f3n en 1947, la forma de gobierno de Jap\u00f3n consta de una monarqu\u00eda constitucional, con un emperador y un parlamento elegido, conocido como la Dieta.<\/p>\n<\/div><\/div>\n\n\n\n<div class=\"wp-block-media-text alignwide has-media-on-the-right is-stacked-on-mobile\"><figure class=\"wp-block-media-text__media\"><img loading=\"lazy\" decoding=\"async\" width=\"1024\" height=\"512\" src=\"http:\/\/someja.org\/wp-content\/uploads\/2022\/07\/Historia-Japon-02.jpg\" alt=\"Historia Jap\u00f3n\" class=\"wp-image-97 size-full\" srcset=\"https:\/\/someja.org\/wp-content\/uploads\/2022\/07\/Historia-Japon-02.jpg 1024w, https:\/\/someja.org\/wp-content\/uploads\/2022\/07\/Historia-Japon-02-300x150.jpg 300w, https:\/\/someja.org\/wp-content\/uploads\/2022\/07\/Historia-Japon-02-768x384.jpg 768w\" sizes=\"auto, (max-width: 1024px) 100vw, 1024px\" \/><\/figure><div class=\"wp-block-media-text__content\">\n<p>Seg\u00fan el <em>Kojiki<\/em>&nbsp;o <em>Furukotofumi <\/em>(\u53e4\u4e8b\u8a18) que es el libro hist\u00f3rico m\u00e1s antiguo que se conserva sobre la historia de&nbsp;Jap\u00f3n, este pa\u00eds fue fundado en el siglo VII a. C. por el Emperador Jinmu.<\/p>\n\n\n\n<p>Durante los siglos V y VI, se introducen el sistema caligr\u00e1fico chino y el budismo, junto con otras costumbres chinas a trav\u00e9s de la pen\u00ednsula coreana o directamente desde China.<\/p>\n\n\n\n<p>Los emperadores eran los gobernantes oficiales, pero el verdadero poder permanec\u00eda generalmente en manos de poderosas cortes nobles, regentes o shogunes (gobernadores militares).<\/p>\n<\/div><\/div>\n\n\n\n<div class=\"wp-block-media-text alignwide is-stacked-on-mobile\"><figure class=\"wp-block-media-text__media\"><img loading=\"lazy\" decoding=\"async\" width=\"1024\" height=\"681\" src=\"https:\/\/someja.org\/wp-content\/uploads\/2022\/07\/misioneros-catolicos-1024x681-1.jpg\" alt=\"\" class=\"wp-image-112 size-full\" srcset=\"https:\/\/someja.org\/wp-content\/uploads\/2022\/07\/misioneros-catolicos-1024x681-1.jpg 1024w, https:\/\/someja.org\/wp-content\/uploads\/2022\/07\/misioneros-catolicos-1024x681-1-300x200.jpg 300w, https:\/\/someja.org\/wp-content\/uploads\/2022\/07\/misioneros-catolicos-1024x681-1-768x511.jpg 768w, https:\/\/someja.org\/wp-content\/uploads\/2022\/07\/misioneros-catolicos-1024x681-1-750x499.jpg 750w, https:\/\/someja.org\/wp-content\/uploads\/2022\/07\/misioneros-catolicos-1024x681-1-360x240.jpg 360w\" sizes=\"auto, (max-width: 1024px) 100vw, 1024px\" \/><\/figure><div class=\"wp-block-media-text__content\">\n<p><strong>Llegada del cristianismo a Jap\u00f3n. <\/strong><\/p>\n\n\n\n<p>Durante el siglo XVI, mercaderes de Portugal, de los Pa\u00edses Bajos, de Inglaterra y de Espa\u00f1a llegaron a Jap\u00f3n y fundaron misiones cristianas. En 1549, lleg\u00f3 a Jap\u00f3n el misionero espa\u00f1ol jesuita San Francisco Javier tras desembarcar en Kagoshima, Ky\u016bsh\u016b, aprovechando las rutas comerciales portuguesas. <\/p>\n\n\n\n<p><strong>Aislamiento de Jap\u00f3n.<\/strong><\/p>\n\n\n\n<p>A principios del s. XVII, el shogunato vi\u00f3 un riesgo de las misiones cristianas, consider\u00e1ndolas precursoras de una conquista militar por fuerzas europeas y, como medida de protecci\u00f3n, orden\u00f3 el cierre de Jap\u00f3n a toda relaci\u00f3n con el mundo exterior a excepci\u00f3n de contactos restringidos con mercaderes chinos y neerlandeses en la ciudad de Nagasaki. <\/p>\n\n\n\n<p>Este aislamiento dur\u00f3 251 a\u00f1os, hasta 1854, fecha en la que el comodoro estadounidense Matthew Perry gestion\u00f3 e impuls\u00f3 la apertura del Jap\u00f3n a Occidente bajo el Tratado de Kanagawa.<\/p>\n<\/div><\/div>\n\n\n\n<div class=\"wp-block-media-text alignwide has-media-on-the-right is-stacked-on-mobile\"><figure class=\"wp-block-media-text__media\"><img loading=\"lazy\" decoding=\"async\" width=\"800\" height=\"600\" src=\"https:\/\/someja.org\/wp-content\/uploads\/2022\/07\/Era_Meiji.jpg\" alt=\"\" class=\"wp-image-115 size-full\" srcset=\"https:\/\/someja.org\/wp-content\/uploads\/2022\/07\/Era_Meiji.jpg 800w, https:\/\/someja.org\/wp-content\/uploads\/2022\/07\/Era_Meiji-300x225.jpg 300w, https:\/\/someja.org\/wp-content\/uploads\/2022\/07\/Era_Meiji-768x576.jpg 768w\" sizes=\"auto, (max-width: 800px) 100vw, 800px\" \/><\/figure><div class=\"wp-block-media-text__content\">\n<p><strong>Reforma y expansi\u00f3n <\/strong><\/p>\n\n\n\n<p>Tras un fuerte conflicto civil denominado Guerra Boshin, el shogunato fue obligado a renunciar y el poder fue devuelto al emperador. La Restauraci\u00f3n Meiji de 1868 inici\u00f3 varias reformas. El sistema feudal fue abolido y numerosas instituciones occidentales fueron adoptadas, incluyendo un sistema legal y de gobierno occidentales, junto con otras reformas en lo econ\u00f3mico, social y militar que transformaron a Jap\u00f3n en una potencia mundial de nivel medio-alto. Como resultado de la Primera Guerra Sino-Japonesa y de la Guerra Ruso-Japonesa, Jap\u00f3n anexion\u00f3 Taiw\u00e1n, Corea y otros territorios a su imperio en expansi\u00f3n.<\/p>\n\n\n\n<p><strong>Potencia mundial del principios del siglo XX<\/strong><\/p>\n\n\n\n<p>As\u00ed se afianz\u00f3 como una potencia mundial y la \u00fanica de Asia. Despu\u00e9s de la Primera Guerra Mundial, 1918, Jap\u00f3n ocupaba una s\u00f3lida posici\u00f3n en el Lejano Oriente; contaba con la Armada m\u00e1s poderosa de la zona, ejerc\u00eda gran influencia sobre China y econ\u00f3micamente  la guerra lo hab\u00eda favorecido y lo hab\u00eda dejado en una posici\u00f3n privilegiada.<\/p>\n<\/div><\/div>\n\n\n\n<div class=\"wp-block-media-text alignwide is-stacked-on-mobile\"><figure class=\"wp-block-media-text__media\"><img loading=\"lazy\" decoding=\"async\" width=\"677\" height=\"333\" src=\"https:\/\/someja.org\/wp-content\/uploads\/2022\/07\/IJA_Infantry_in_Manchuria.jpg\" alt=\"Invasi\u00f3n Manchuria 1931\" class=\"wp-image-107 size-full\" srcset=\"https:\/\/someja.org\/wp-content\/uploads\/2022\/07\/IJA_Infantry_in_Manchuria.jpg 677w, https:\/\/someja.org\/wp-content\/uploads\/2022\/07\/IJA_Infantry_in_Manchuria-300x148.jpg 300w\" sizes=\"auto, (max-width: 677px) 100vw, 677px\" \/><\/figure><div class=\"wp-block-media-text__content\">\n<p><strong>Depresi\u00f3n de 1920 e invasi\u00f3n a Manchuria.<\/strong><\/p>\n\n\n\n<p>Durante la d\u00e9cada de los a\u00f1os 1920, surgieron problemas internos en Jap\u00f3n que complicaron su administraci\u00f3n . El auge comercial que hab\u00eda alcanzado tras la Primera Guerra Mundial disminuy\u00f3 cuando en 1921, Europa comenz\u00f3 su recuperaci\u00f3n. La suma de estos problemas y la actitud de China, tratando de desplazar los negocios japoneses, deriv\u00f3 en la invasi\u00f3n a Manchuria (septiembre de 1931), la cual se produjo sin la autorizaci\u00f3n del gobierno nip\u00f3n.<\/p>\n<\/div><\/div>\n\n\n\n<div class=\"wp-block-media-text alignwide has-media-on-the-right is-stacked-on-mobile\"><figure class=\"wp-block-media-text__media\"><img loading=\"lazy\" decoding=\"async\" width=\"640\" height=\"360\" src=\"http:\/\/someja.org\/wp-content\/uploads\/2022\/07\/Pearl-Harbor.jpg\" alt=\"Pearl Harbor\" class=\"wp-image-103 size-full\" srcset=\"https:\/\/someja.org\/wp-content\/uploads\/2022\/07\/Pearl-Harbor.jpg 640w, https:\/\/someja.org\/wp-content\/uploads\/2022\/07\/Pearl-Harbor-300x169.jpg 300w\" sizes=\"auto, (max-width: 640px) 100vw, 640px\" \/><\/figure><div class=\"wp-block-media-text__content\">\n<p>Cuando el primer ministro Inukai reprob\u00f3 los actos extremistas, fue asesinado por un grupo de oficiales de marina el 15 de mayo de 1932, y su sucesor consider\u00f3 que deb\u00eda apoyar las acciones del ej\u00e9rcito adoptando los siguientes 13 a\u00f1os un estricto control de la educaci\u00f3n, fortalecimiento del arsenal b\u00e9lico y una pol\u00edtica exterior agresiva orientada a conquistar territorios. Esto culmin\u00f3 en una nueva invasi\u00f3n de Manchuria, desatando la Segunda Guerra Sino-Japonesa.<\/p>\n\n\n\n<p>Jap\u00f3n atac\u00f3 la base naval estadounidense de Pearl Harbor en diciembre de 1941, lo cual llev\u00f3 al pa\u00eds norteamericano a declarar la guerra al Imperio Japon\u00e9s en el marco de la Segunda Guerra Mundial. Despu\u00e9s de una larga campa\u00f1a en el Pac\u00edfico, Jap\u00f3n perdi\u00f3 Okinawa y fue forzada a retroceder a las cuatro islas principales. <\/p>\n<\/div><\/div>\n\n\n\n<div class=\"wp-block-media-text alignwide is-stacked-on-mobile\"><figure class=\"wp-block-media-text__media\"><img loading=\"lazy\" decoding=\"async\" width=\"1024\" height=\"631\" src=\"http:\/\/someja.org\/wp-content\/uploads\/2022\/07\/hiroshima_y_nagasaki-1024x631.webp\" alt=\"Hiroshima &amp; Nagasaki\" class=\"wp-image-104 size-full\" srcset=\"https:\/\/someja.org\/wp-content\/uploads\/2022\/07\/hiroshima_y_nagasaki-1024x631.webp 1024w, https:\/\/someja.org\/wp-content\/uploads\/2022\/07\/hiroshima_y_nagasaki-300x185.webp 300w, https:\/\/someja.org\/wp-content\/uploads\/2022\/07\/hiroshima_y_nagasaki-768x474.webp 768w, https:\/\/someja.org\/wp-content\/uploads\/2022\/07\/hiroshima_y_nagasaki.webp 1080w\" sizes=\"auto, (max-width: 1024px) 100vw, 1024px\" \/><\/figure><div class=\"wp-block-media-text__content\">\n<p>El ej\u00e9rcito estadounidense atac\u00f3 Tokio, Osaka y otras ciudades con bombardeos estrat\u00e9gicos convencionales y en Hiroshima y Nagasaki con dos bombas at\u00f3micas. Jap\u00f3n finalmente acept\u00f3 la capitulaci\u00f3n incondicional ante el ej\u00e9rcito estadounidense el 15 de agosto de 1945 dando con ello fin a la guerra.<\/p>\n\n\n\n<p>Finalizado el conflicto, el ej\u00e9rcito estadounidense ocup\u00f3 el territorio japon\u00e9s hasta 1952, tras lo cual Jap\u00f3n comenzar\u00eda una muy importante recuperaci\u00f3n econ\u00f3mica que devolver\u00eda la prosperidad al archipi\u00e9lago. Okinawa permaneci\u00f3 ocupada hasta 1972, y actualmente el ej\u00e9rcito estadounidense mantiene un centenar de bases en este pa\u00eds.<\/p>\n<\/div><\/div>\n\n\n\n<figure class=\"wp-block-embed alignwide is-type-video is-provider-youtube wp-block-embed-youtube wp-embed-aspect-16-9 wp-has-aspect-ratio\"><div class=\"wp-block-embed__wrapper\">\n<iframe loading=\"lazy\" title=\"75 a\u00f1os de la bomba at\u00f3mica: Por qu\u00e9 EEUU eligi\u00f3 Hiroshima\" width=\"750\" height=\"422\" src=\"https:\/\/www.youtube.com\/embed\/tZIZwM16v_c?feature=oembed\" frameborder=\"0\" allow=\"accelerometer; autoplay; clipboard-write; encrypted-media; gyroscope; picture-in-picture\" allowfullscreen><\/iframe>\n<\/div><\/figure>\n","protected":false},"excerpt":{"rendered":"<p>Jap\u00f3n es un pa\u00eds al este de Asia conformado por cuatro islas principales: Honsh\u016b, Hokkaid\u014d, Ky\u016bsh\u016b y Shikoku, que representan el 97% de su territorio, y por otras 6.848 islas <a class=\"more-link\" href=\"https:\/\/someja.org\/?page_id=85\">Continue Reading &rarr;<\/a><\/p>\n","protected":false},"author":1,"featured_media":0,"parent":0,"menu_order":0,"comment_status":"closed","ping_status":"closed","template":"","meta":{"om_disable_all_campaigns":false,"_monsterinsights_skip_tracking":false,"_monsterinsights_sitenote_active":false,"_monsterinsights_sitenote_note":"","_monsterinsights_sitenote_category":0,"footnotes":""},"class_list":["post-85","page","type-page","status-publish","hentry"],"_links":{"self":[{"href":"https:\/\/someja.org\/index.php?rest_route=\/wp\/v2\/pages\/85","targetHints":{"allow":["GET"]}}],"collection":[{"href":"https:\/\/someja.org\/index.php?rest_route=\/wp\/v2\/pages"}],"about":[{"href":"https:\/\/someja.org\/index.php?rest_route=\/wp\/v2\/types\/page"}],"author":[{"embeddable":true,"href":"https:\/\/someja.org\/index.php?rest_route=\/wp\/v2\/users\/1"}],"replies":[{"embeddable":true,"href":"https:\/\/someja.org\/index.php?rest_route=%2Fwp%2Fv2%2Fcomments&post=85"}],"version-history":[{"count":12,"href":"https:\/\/someja.org\/index.php?rest_route=\/wp\/v2\/pages\/85\/revisions"}],"predecessor-version":[{"id":229,"href":"https:\/\/someja.org\/index.php?rest_route=\/wp\/v2\/pages\/85\/revisions\/229"}],"wp:attachment":[{"href":"https:\/\/someja.org\/index.php?rest_route=%2Fwp%2Fv2%2Fmedia&parent=85"}],"curies":[{"name":"wp","href":"https:\/\/api.w.org\/{rel}","templated":true}]}}

<div class="wp-block-media-text alignwide is-stacked-on-mobile"><figure class="wp-block-media-text__media"><img loading="lazy" decoding="async" width="680" height="710" src="https://someja.org/wp-content/uploads/2022/07/japon-mapa-fisico.jpg" alt="" class="wp-image-87 size-full" srcset="https://someja.org/wp-content/uploads/2022/07/japon-mapa-fisico.jpg 680w, https://someja.org/wp-content/uploads/2022/07/japon-mapa-fisico-287x300.jpg 287w" sizes="auto, (max-width: 680px) 100vw, 680px" /></figure><div class="wp-block-media-text__content">
<p>Japón es un país al este de Asia conformado por cuatro islas principales: Honshū, Hokkaidō, Kyūshū y Shikoku, que representan el 97% de su territorio, y por otras 6.848 islas menores ubicadas en los alrededores. </p>



<p>En japonés se pronuncia &#8220;Nihon&#8221; y se escribe 日本, que significa &#8220;El origen del sol&#8221;, motivo por el cual se le conoce como &#8220;La tierra del sol naciente&#8221;. </p>



<p>Tiene aproximadamente 127 millones de habitantes, de los cuales casi 30 millones viven en su capital Tokyo y las prefecturas aledañas. </p>



<p>Los primeros habitantes de las islas de Japón datan del período Paleolítico superior. Las primeras menciones escritas se mencionan en libros de China del siglo I. Japón ha tenido influencia de los países orientales aledaños, sobre todo de China, sin embargo, también ha tenido largos periodos de aislamiento. Desde la creación de su constitución en 1947, la forma de gobierno de Japón consta de una monarquía constitucional, con un emperador y un parlamento elegido, conocido como la Dieta.</p>
</div></div>



<div class="wp-block-media-text alignwide has-media-on-the-right is-stacked-on-mobile"><figure class="wp-block-media-text__media"><img loading="lazy" decoding="async" width="1024" height="512" src="http://someja.org/wp-content/uploads/2022/07/Historia-Japon-02.jpg" alt="Historia Japón" class="wp-image-97 size-full" srcset="https://someja.org/wp-content/uploads/2022/07/Historia-Japon-02.jpg 1024w, https://someja.org/wp-content/uploads/2022/07/Historia-Japon-02-300x150.jpg 300w, https://someja.org/wp-content/uploads/2022/07/Historia-Japon-02-768x384.jpg 768w" sizes="auto, (max-width: 1024px) 100vw, 1024px" /></figure><div class="wp-block-media-text__content">
<p>Según el <em>Kojiki</em>&nbsp;o <em>Furukotofumi </em>(古事記) que es el libro histórico más antiguo que se conserva sobre la historia de&nbsp;Japón, este país fue fundado en el siglo VII a. C. por el Emperador Jinmu.</p>



<p>Durante los siglos V y VI, se introducen el sistema caligráfico chino y el budismo, junto con otras costumbres chinas a través de la península coreana o directamente desde China.</p>



<p>Los emperadores eran los gobernantes oficiales, pero el verdadero poder permanecía generalmente en manos de poderosas cortes nobles, regentes o shogunes (gobernadores militares).</p>
</div></div>



<div class="wp-block-media-text alignwide is-stacked-on-mobile"><figure class="wp-block-media-text__media"><img loading="lazy" decoding="async" width="1024" height="681" src="https://someja.org/wp-content/uploads/2022/07/misioneros-catolicos-1024x681-1.jpg" alt="" class="wp-image-112 size-full" srcset="https://someja.org/wp-content/uploads/2022/07/misioneros-catolicos-1024x681-1.jpg 1024w, https://someja.org/wp-content/uploads/2022/07/misioneros-catolicos-1024x681-1-300x200.jpg 300w, https://someja.org/wp-content/uploads/2022/07/misioneros-catolicos-1024x681-1-768x511.jpg 768w, https://someja.org/wp-content/uploads/2022/07/misioneros-catolicos-1024x681-1-750x499.jpg 750w, https://someja.org/wp-content/uploads/2022/07/misioneros-catolicos-1024x681-1-360x240.jpg 360w" sizes="auto, (max-width: 1024px) 100vw, 1024px" /></figure><div class="wp-block-media-text__content">
<p><strong>Llegada del cristianismo a Japón. </strong></p>



<p>Durante el siglo XVI, mercaderes de Portugal, de los Países Bajos, de Inglaterra y de España llegaron a Japón y fundaron misiones cristianas. En 1549, llegó a Japón el misionero español jesuita San Francisco Javier tras desembarcar en Kagoshima, Kyūshū, aprovechando las rutas comerciales portuguesas. </p>



<p><strong>Aislamiento de Japón.</strong></p>



<p>A principios del s. XVII, el shogunato vió un riesgo de las misiones cristianas, considerándolas precursoras de una conquista militar por fuerzas europeas y, como medida de protección, ordenó el cierre de Japón a toda relación con el mundo exterior a excepción de contactos restringidos con mercaderes chinos y neerlandeses en la ciudad de Nagasaki. </p>



<p>Este aislamiento duró 251 años, hasta 1854, fecha en la que el comodoro estadounidense Matthew Perry gestionó e impulsó la apertura del Japón a Occidente bajo el Tratado de Kanagawa.</p>
</div></div>



<div class="wp-block-media-text alignwide has-media-on-the-right is-stacked-on-mobile"><figure class="wp-block-media-text__media"><img loading="lazy" decoding="async" width="800" height="600" src="https://someja.org/wp-content/uploads/2022/07/Era_Meiji.jpg" alt="" class="wp-image-115 size-full" srcset="https://someja.org/wp-content/uploads/2022/07/Era_Meiji.jpg 800w, https://someja.org/wp-content/uploads/2022/07/Era_Meiji-300x225.jpg 300w, https://someja.org/wp-content/uploads/2022/07/Era_Meiji-768x576.jpg 768w" sizes="auto, (max-width: 800px) 100vw, 800px" /></figure><div class="wp-block-media-text__content">
<p><strong>Reforma y expansión </strong></p>



<p>Tras un fuerte conflicto civil denominado Guerra Boshin, el shogunato fue obligado a renunciar y el poder fue devuelto al emperador. La Restauración Meiji de 1868 inició varias reformas. El sistema feudal fue abolido y numerosas instituciones occidentales fueron adoptadas, incluyendo un sistema legal y de gobierno occidentales, junto con otras reformas en lo económico, social y militar que transformaron a Japón en una potencia mundial de nivel medio-alto. Como resultado de la Primera Guerra Sino-Japonesa y de la Guerra Ruso-Japonesa, Japón anexionó Taiwán, Corea y otros territorios a su imperio en expansión.</p>



<p><strong>Potencia mundial del principios del siglo XX</strong></p>



<p>Así se afianzó como una potencia mundial y la única de Asia. Después de la Primera Guerra Mundial, 1918, Japón ocupaba una sólida posición en el Lejano Oriente; contaba con la Armada más poderosa de la zona, ejercía gran influencia sobre China y económicamente  la guerra lo había favorecido y lo había dejado en una posición privilegiada.</p>
</div></div>



<div class="wp-block-media-text alignwide is-stacked-on-mobile"><figure class="wp-block-media-text__media"><img loading="lazy" decoding="async" width="677" height="333" src="https://someja.org/wp-content/uploads/2022/07/IJA_Infantry_in_Manchuria.jpg" alt="Invasión Manchuria 1931" class="wp-image-107 size-full" srcset="https://someja.org/wp-content/uploads/2022/07/IJA_Infantry_in_Manchuria.jpg 677w, https://someja.org/wp-content/uploads/2022/07/IJA_Infantry_in_Manchuria-300x148.jpg 300w" sizes="auto, (max-width: 677px) 100vw, 677px" /></figure><div class="wp-block-media-text__content">
<p><strong>Depresión de 1920 e invasión a Manchuria.</strong></p>



<p>Durante la década de los años 1920, surgieron problemas internos en Japón que complicaron su administración . El auge comercial que había alcanzado tras la Primera Guerra Mundial disminuyó cuando en 1921, Europa comenzó su recuperación. La suma de estos problemas y la actitud de China, tratando de desplazar los negocios japoneses, derivó en la invasión a Manchuria (septiembre de 1931), la cual se produjo sin la autorización del gobierno nipón.</p>
</div></div>



<div class="wp-block-media-text alignwide has-media-on-the-right is-stacked-on-mobile"><figure class="wp-block-media-text__media"><img loading="lazy" decoding="async" width="640" height="360" src="http://someja.org/wp-content/uploads/2022/07/Pearl-Harbor.jpg" alt="Pearl Harbor" class="wp-image-103 size-full" srcset="https://someja.org/wp-content/uploads/2022/07/Pearl-Harbor.jpg 640w, https://someja.org/wp-content/uploads/2022/07/Pearl-Harbor-300x169.jpg 300w" sizes="auto, (max-width: 640px) 100vw, 640px" /></figure><div class="wp-block-media-text__content">
<p>Cuando el primer ministro Inukai reprobó los actos extremistas, fue asesinado por un grupo de oficiales de marina el 15 de mayo de 1932, y su sucesor consideró que debía apoyar las acciones del ejército adoptando los siguientes 13 años un estricto control de la educación, fortalecimiento del arsenal bélico y una política exterior agresiva orientada a conquistar territorios. Esto culminó en una nueva invasión de Manchuria, desatando la Segunda Guerra Sino-Japonesa.</p>



<p>Japón atacó la base naval estadounidense de Pearl Harbor en diciembre de 1941, lo cual llevó al país norteamericano a declarar la guerra al Imperio Japonés en el marco de la Segunda Guerra Mundial. Después de una larga campaña en el Pacífico, Japón perdió Okinawa y fue forzada a retroceder a las cuatro islas principales. </p>
</div></div>



<div class="wp-block-media-text alignwide is-stacked-on-mobile"><figure class="wp-block-media-text__media"><img loading="lazy" decoding="async" width="1024" height="631" src="http://someja.org/wp-content/uploads/2022/07/hiroshima_y_nagasaki-1024x631.webp" alt="Hiroshima &amp; Nagasaki" class="wp-image-104 size-full" srcset="https://someja.org/wp-content/uploads/2022/07/hiroshima_y_nagasaki-1024x631.webp 1024w, https://someja.org/wp-content/uploads/2022/07/hiroshima_y_nagasaki-300x185.webp 300w, https://someja.org/wp-content/uploads/2022/07/hiroshima_y_nagasaki-768x474.webp 768w, https://someja.org/wp-content/uploads/2022/07/hiroshima_y_nagasaki.webp 1080w" sizes="auto, (max-width: 1024px) 100vw, 1024px" /></figure><div class="wp-block-media-text__content">
<p>El ejército estadounidense atacó Tokio, Osaka y otras ciudades con bombardeos estratégicos convencionales y en Hiroshima y Nagasaki con dos bombas atómicas. Japón finalmente aceptó la capitulación incondicional ante el ejército estadounidense el 15 de agosto de 1945 dando con ello fin a la guerra.</p>



<p>Finalizado el conflicto, el ejército estadounidense ocupó el territorio japonés hasta 1952, tras lo cual Japón comenzaría una muy importante recuperación económica que devolvería la prosperidad al archipiélago. Okinawa permaneció ocupada hasta 1972, y actualmente el ejército estadounidense mantiene un centenar de bases en este país.</p>
</div></div>



<figure class="wp-block-embed alignwide is-type-video is-provider-youtube wp-block-embed-youtube wp-embed-aspect-16-9 wp-has-aspect-ratio"><div class="wp-block-embed__wrapper">
<iframe loading="lazy" title="75 años de la bomba atómica: Por qué EEUU eligió Hiroshima" width="750" height="422" src="https://www.youtube.com/embed/tZIZwM16v_c?feature=oembed" frameborder="0" allow="accelerometer; autoplay; clipboard-write; encrypted-media; gyroscope; picture-in-picture" allowfullscreen></iframe>
</div></figure>

<p>Japón es un país al este de Asia conformado por cuatro islas principales: Honshū, Hokkaidō, Kyūshū y Shikoku, que representan el 97% de su territorio, y por otras 6.848 islas <a class="more-link" href="https://someja.org/?page_id=85">Continue Reading &rarr;</a></p>
